{"id":222,"date":"2024-04-01T10:54:49","date_gmt":"2024-04-01T10:54:49","guid":{"rendered":"https:\/\/fazenda27.com\/?page_id=222"},"modified":"2024-05-06T20:04:32","modified_gmt":"2024-05-06T20:04:32","slug":"sobre-nos","status":"publish","type":"page","link":"https:\/\/fazenda27.com\/?page_id=222","title":{"rendered":"Sobre N\u00f3s"},"content":{"rendered":"\t\t<div data-elementor-type=\"wp-page\" data-elementor-id=\"222\" class=\"elementor elementor-222\">\n\t\t\t\t\t\t<section class=\"elementor-section elementor-top-section elementor-element elementor-element-80a0532 elementor-section-content-middle elementor-section-stretched elementor-section-full_width elementor-section-height-default elementor-section-height-default\" data-id=\"80a0532\" data-element_type=\"section\" data-settings=\"{&quot;background_background&quot;:&quot;classic&quot;,&quot;stretch_section&quot;:&quot;section-stretched&quot;}\">\n\t\t\t\t\t\t<div class=\"elementor-container elementor-column-gap-no\">\n\t\t\t\t\t<div class=\"elementor-column elementor-col-100 elementor-top-column elementor-element elementor-element-66527f8\" data-id=\"66527f8\" data-element_type=\"column\">\n\t\t\t<div class=\"elementor-widget-wrap elementor-element-populated\">\n\t\t\t\t\t\t<div class=\"elementor-element elementor-element-256ec9a elementor-widget__width-auto elementor-widget-tablet__width-initial elementor-absolute elementor-widget elementor-widget-image\" data-id=\"256ec9a\" data-element_type=\"widget\" data-settings=\"{&quot;_position&quot;:&quot;absolute&quot;}\" data-widget_type=\"image.default\">\n\t\t\t\t<div class=\"elementor-widget-container\">\n\t\t\t\t\t\t\t\t\t\t\t\t\t\t\t<img decoding=\"async\" width=\"179\" height=\"175\" src=\"https:\/\/fazenda27.com\/wp-content\/uploads\/2024\/04\/ca74c029-leaf-element.png\" class=\"attachment-full size-full wp-image-54\" alt=\"\" \/>\t\t\t\t\t\t\t\t\t\t\t\t\t\t\t<\/div>\n\t\t\t\t<\/div>\n\t\t\t\t<div class=\"elementor-element elementor-element-283ed32 elementor-widget__width-auto elementor-absolute elementor-widget elementor-widget-image\" data-id=\"283ed32\" data-element_type=\"widget\" data-settings=\"{&quot;_position&quot;:&quot;absolute&quot;}\" data-widget_type=\"image.default\">\n\t\t\t\t<div class=\"elementor-widget-container\">\n\t\t\t\t\t\t\t\t\t\t\t\t\t\t\t<img decoding=\"async\" width=\"95\" height=\"95\" src=\"https:\/\/fazenda27.com\/wp-content\/uploads\/2024\/04\/fd3a7f3a-layer-3.png\" class=\"attachment-full size-full wp-image-55\" alt=\"\" \/>\t\t\t\t\t\t\t\t\t\t\t\t\t\t\t<\/div>\n\t\t\t\t<\/div>\n\t\t\t\t<section class=\"elementor-section elementor-inner-section elementor-element elementor-element-1d79967 elementor-section-content-middle elementor-section-boxed elementor-section-height-default elementor-section-height-default\" data-id=\"1d79967\" data-element_type=\"section\">\n\t\t\t\t\t\t<div class=\"elementor-container elementor-column-gap-no\">\n\t\t\t\t\t<div class=\"elementor-column elementor-col-50 elementor-inner-column elementor-element elementor-element-4c46462 elementor-invisible\" data-id=\"4c46462\" data-element_type=\"column\" data-settings=\"{&quot;background_background&quot;:&quot;classic&quot;,&quot;animation&quot;:&quot;fadeInLeft&quot;}\">\n\t\t\t<div class=\"elementor-widget-wrap elementor-element-populated\">\n\t\t\t\t\t\t<div class=\"elementor-element elementor-element-13ceb1c elementor-widget__width-auto elementor-absolute elementor-widget elementor-widget-image\" data-id=\"13ceb1c\" data-element_type=\"widget\" data-settings=\"{&quot;_position&quot;:&quot;absolute&quot;}\" data-widget_type=\"image.default\">\n\t\t\t\t<div class=\"elementor-widget-container\">\n\t\t\t\t\t\t\t\t\t\t\t\t\t\t\t<img decoding=\"async\" src=\"https:\/\/fazenda27.com\/wp-content\/uploads\/elementor\/thumbs\/tomato-sunset-grill-breakfast-brunch-lunch-restaurant-11-qnrxfkugcc3sesyeylz5xhkxdyoysrw95z38qf97mq.png\" title=\"tomato-sunset-grill-breakfast-brunch-lunch-restaurant-11\" alt=\"tomato-sunset-grill-breakfast-brunch-lunch-restaurant-11\" loading=\"lazy\" \/>\t\t\t\t\t\t\t\t\t\t\t\t\t\t\t<\/div>\n\t\t\t\t<\/div>\n\t\t\t\t<div class=\"elementor-element elementor-element-a7e75c7 elementor-widget elementor-widget-video\" data-id=\"a7e75c7\" data-element_type=\"widget\" data-settings=\"{&quot;video_type&quot;:&quot;hosted&quot;,&quot;autoplay&quot;:&quot;yes&quot;,&quot;play_on_mobile&quot;:&quot;yes&quot;,&quot;mute&quot;:&quot;yes&quot;,&quot;controls&quot;:&quot;yes&quot;}\" data-widget_type=\"video.default\">\n\t\t\t\t<div class=\"elementor-widget-container\">\n\t\t\t\t\t\t\t<div class=\"e-hosted-video elementor-wrapper elementor-open-inline\">\n\t\t\t\t\t<video class=\"elementor-video\" src=\"https:\/\/www.dropbox.com\/scl\/fi\/d6ja268y9ka2ntnqexkkh\/Fazenda27.mp4?rlkey=v6zjzi3fvz5xjje4cirfe8moj&amp;st=slbyodo4&amp;dl=0\" autoplay=\"\" controls=\"\" muted=\"muted\" playsinline=\"\" controlsList=\"nodownload\"><\/video>\n\t\t\t\t<\/div>\n\t\t\t\t\t\t<\/div>\n\t\t\t\t<\/div>\n\t\t\t\t\t<\/div>\n\t\t<\/div>\n\t\t\t\t<div class=\"elementor-column elementor-col-50 elementor-inner-column elementor-element elementor-element-d0dfdda elementor-invisible\" data-id=\"d0dfdda\" data-element_type=\"column\" data-settings=\"{&quot;animation&quot;:&quot;fadeInRight&quot;}\">\n\t\t\t<div class=\"elementor-widget-wrap elementor-element-populated\">\n\t\t\t\t\t\t<div class=\"elementor-element elementor-element-3c7e085 elementor-widget elementor-widget-heading\" data-id=\"3c7e085\" data-element_type=\"widget\" data-widget_type=\"heading.default\">\n\t\t\t\t<div class=\"elementor-widget-container\">\n\t\t\t\t\t<h4 class=\"elementor-heading-title elementor-size-default\">SOBRE N\u00d3S<\/h4>\t\t\t\t<\/div>\n\t\t\t\t<\/div>\n\t\t\t\t<div class=\"elementor-element elementor-element-52788a7 elementor-widget elementor-widget-heading\" data-id=\"52788a7\" data-element_type=\"widget\" data-widget_type=\"heading.default\">\n\t\t\t\t<div class=\"elementor-widget-container\">\n\t\t\t\t\t<h2 class=\"elementor-heading-title elementor-size-default\">Como Come\u00e7amos a Nossa Jornada<\/h2>\t\t\t\t<\/div>\n\t\t\t\t<\/div>\n\t\t\t\t<div class=\"elementor-element elementor-element-5c1ea95 elementor-widget elementor-widget-text-editor\" data-id=\"5c1ea95\" data-element_type=\"widget\" data-widget_type=\"text-editor.default\">\n\t\t\t\t<div class=\"elementor-widget-container\">\n\t\t\t\t\t\t\t\t\t<p>Na Fazenda 27, somos apaixonados por levar \u00e0 voc\u00eas alimentos e bebidas de qualidade. N\u00f3s adquirimos os nossos ingredientes de agricultores locais de confian\u00e7a para ajud\u00e1-los economicamente e trabalhamos juntos para garantir que os nossos produtos sejam frescos, sustent\u00e1veis e deliciosos.<\/p><p>A nossa hist\u00f3ria come\u00e7ou, quando o nosso PCA Jorge Leit\u00e3o fundou a Fazenda 27 com a miss\u00e3o de levar \u00e0s pessoas produtos nacionais de qualidade. Desde ent\u00e3o, nos tornamos uma empresa conhecida por seu compromisso com a qualidade e a inova\u00e7\u00e3o.<\/p><p>Somos uma equipa de indiv\u00edduos apaixonados que se dedicam a criar alimentos e bebidas que v\u00e3o encantar o seu paladar e nutrir a sua alma. Acreditamos que a comida deve ser uma experi\u00eancia compartilhada e esperamos que os nossos produtos re\u00fanam as pessoas para criar mem\u00f3rias duradouras.<\/p>\t\t\t\t\t\t\t\t<\/div>\n\t\t\t\t<\/div>\n\t\t\t\t\t<\/div>\n\t\t<\/div>\n\t\t\t\t\t<\/div>\n\t\t<\/section>\n\t\t\t\t\t<\/div>\n\t\t<\/div>\n\t\t\t\t\t<\/div>\n\t\t<\/section>\n\t\t\t\t<section class=\"elementor-section elementor-top-section elementor-element elementor-element-fcfcdb7 elementor-section-content-middle elementor-section-boxed elementor-section-height-default elementor-section-height-default\" data-id=\"fcfcdb7\" data-element_type=\"section\" data-settings=\"{&quot;background_background&quot;:&quot;classic&quot;}\">\n\t\t\t\t\t\t<div class=\"elementor-container elementor-column-gap-no\">\n\t\t\t\t\t<div class=\"elementor-column elementor-col-33 elementor-top-column elementor-element elementor-element-a01ca5c\" data-id=\"a01ca5c\" data-element_type=\"column\">\n\t\t\t<div class=\"elementor-widget-wrap elementor-element-populated\">\n\t\t\t\t\t\t<div class=\"elementor-element elementor-element-962ccba eael-infobox-shape-square eael-infobox-hover-img-shape-square elementor-invisible elementor-widget elementor-widget-eael-info-box\" data-id=\"962ccba\" data-element_type=\"widget\" data-settings=\"{&quot;_animation&quot;:&quot;fadeInLeft&quot;}\" data-widget_type=\"eael-info-box.default\">\n\t\t\t\t<div class=\"elementor-widget-container\">\n\t\t\t\t\t        <div class=\"eael-infobox icon-on-left\">\n\t            <div class=\"infobox-icon\">\n\n                            <img decoding=\"async\" src=\"https:\/\/fazenda27.com\/wp-content\/uploads\/2024\/04\/28f7bdd0-icon-_1.png\" alt=\"\">\n            \n            \n            \n        <\/div>\n            <div class=\"infobox-content\">\n                    <div class=\"infobox-title-section\">\n                <h2 class=\"title\">Fruta Natural e Fresca<\/h2>            <\/div>\n            <div><p>Explore nos nossos produtos a bondade suculenta dos doces da natureza, repletos de vitaminas essenciais, minerais e sabor delicioso. Descubra os benef\u00edcios para a sa\u00fade, usos culin\u00e1rios e hist\u00f3rias fascinantes por tr\u00e1s das suas frutas favoritas.<\/p><\/div>        <\/div>\n            <\/div>\n\n\t\t\t\t\t\t<\/div>\n\t\t\t\t<\/div>\n\t\t\t\t<div class=\"elementor-element elementor-element-1c52d6b eael-infobox-shape-square eael-infobox-hover-img-shape-square elementor-invisible elementor-widget elementor-widget-eael-info-box\" data-id=\"1c52d6b\" data-element_type=\"widget\" data-settings=\"{&quot;_animation&quot;:&quot;fadeInLeft&quot;}\" data-widget_type=\"eael-info-box.default\">\n\t\t\t\t<div class=\"elementor-widget-container\">\n\t\t\t\t\t        <div class=\"eael-infobox icon-on-left\">\n\t            <div class=\"infobox-icon\">\n\n                            <img decoding=\"async\" src=\"https:\/\/fazenda27.com\/wp-content\/uploads\/2024\/05\/52f9212b-naturous-icon_1.png\" alt=\"\">\n            \n            \n            \n        <\/div>\n            <div class=\"infobox-content\">\n                    <div class=\"infobox-title-section\">\n                <h2 class=\"title\">Fruta 100% Angolana<\/h2>            <\/div>\n            <div><p>Explore as frutas ex\u00f3ticas 100% Angolanas, repletas de sabores frescos nativos desta na\u00e7\u00e3o Africana. Descubra nos nossos produtos j\u00f3ias escondidas e apoie os produtores locais.<\/p><\/div>        <\/div>\n            <\/div>\n\n\t\t\t\t\t\t<\/div>\n\t\t\t\t<\/div>\n\t\t\t\t<div class=\"elementor-element elementor-element-eb245de eael-infobox-shape-square eael-infobox-hover-img-shape-square elementor-invisible elementor-widget elementor-widget-eael-info-box\" data-id=\"eb245de\" data-element_type=\"widget\" data-settings=\"{&quot;_animation&quot;:&quot;fadeInLeft&quot;}\" data-widget_type=\"eael-info-box.default\">\n\t\t\t\t<div class=\"elementor-widget-container\">\n\t\t\t\t\t        <div class=\"eael-infobox icon-on-left\">\n\t            <div class=\"infobox-icon\">\n\n                            <img decoding=\"async\" src=\"https:\/\/fazenda27.com\/wp-content\/uploads\/2024\/05\/vitamins.png\" alt=\"\">\n            \n            \n            \n        <\/div>\n            <div class=\"infobox-content\">\n                    <div class=\"infobox-title-section\">\n                <h2 class=\"title\">Excelente Fonte de Vitaminas e Minerais Essenciais<\/h2>            <\/div>\n            <div><p>As frutas s\u00e3o uma maneira naturalmente doce de obter vitaminas e minerais essenciais que seu corpo precisa para funcionar adequadamente. N\u00f3s selecionamos e combinamos nos nossos produtos diferentes frutas que possuem nutrientes diferentes.<\/p><\/div>        <\/div>\n            <\/div>\n\n\t\t\t\t\t\t<\/div>\n\t\t\t\t<\/div>\n\t\t\t\t\t<\/div>\n\t\t<\/div>\n\t\t\t\t<div class=\"elementor-column elementor-col-33 elementor-top-column elementor-element elementor-element-1b3eb68\" data-id=\"1b3eb68\" data-element_type=\"column\">\n\t\t\t<div class=\"elementor-widget-wrap elementor-element-populated\">\n\t\t\t\t\t\t<div class=\"elementor-element elementor-element-280769a elementor-invisible elementor-widget elementor-widget-image\" data-id=\"280769a\" data-element_type=\"widget\" data-settings=\"{&quot;_animation&quot;:&quot;zoomIn&quot;}\" data-widget_type=\"image.default\">\n\t\t\t\t<div class=\"elementor-widget-container\">\n\t\t\t\t\t\t\t\t\t\t\t\t\t\t\t<img fetchpriority=\"high\" decoding=\"async\" width=\"1850\" height=\"3000\" src=\"https:\/\/fazenda27.com\/wp-content\/uploads\/2024\/05\/Fruits.png\" class=\"attachment-full size-full wp-image-765\" alt=\"\" srcset=\"https:\/\/fazenda27.com\/wp-content\/uploads\/2024\/05\/Fruits.png 1850w, https:\/\/fazenda27.com\/wp-content\/uploads\/2024\/05\/Fruits-185x300.png 185w, https:\/\/fazenda27.com\/wp-content\/uploads\/2024\/05\/Fruits-631x1024.png 631w, https:\/\/fazenda27.com\/wp-content\/uploads\/2024\/05\/Fruits-768x1245.png 768w, https:\/\/fazenda27.com\/wp-content\/uploads\/2024\/05\/Fruits-947x1536.png 947w, https:\/\/fazenda27.com\/wp-content\/uploads\/2024\/05\/Fruits-1263x2048.png 1263w, https:\/\/fazenda27.com\/wp-content\/uploads\/2024\/05\/Fruits-600x973.png 600w\" sizes=\"(max-width: 1850px) 100vw, 1850px\" \/>\t\t\t\t\t\t\t\t\t\t\t\t\t\t\t<\/div>\n\t\t\t\t<\/div>\n\t\t\t\t\t<\/div>\n\t\t<\/div>\n\t\t\t\t<div class=\"elementor-column elementor-col-33 elementor-top-column elementor-element elementor-element-4160a20\" data-id=\"4160a20\" data-element_type=\"column\">\n\t\t\t<div class=\"elementor-widget-wrap elementor-element-populated\">\n\t\t\t\t\t\t<div class=\"elementor-element elementor-element-4db7e5a eael-infobox-shape-square eael-infobox-hover-img-shape-square elementor-invisible elementor-widget elementor-widget-eael-info-box\" data-id=\"4db7e5a\" data-element_type=\"widget\" data-settings=\"{&quot;_animation&quot;:&quot;fadeInRight&quot;}\" data-widget_type=\"eael-info-box.default\">\n\t\t\t\t<div class=\"elementor-widget-container\">\n\t\t\t\t\t        <div class=\"eael-infobox icon-on-right\">\n\t            <div class=\"infobox-icon\">\n\n                            <img decoding=\"async\" src=\"https:\/\/fazenda27.com\/wp-content\/uploads\/2024\/05\/intestine.png\" alt=\"\">\n            \n            \n            \n        <\/div>\n            <div class=\"infobox-content\">\n                    <div class=\"infobox-title-section\">\n                <h2 class=\"title\">Rico em Fibras<\/h2>            <\/div>\n            <div><p>Uma dieta rica em fibras pode ajudar na digest\u00e3o, no controle de peso e at\u00e9 mesmo na sa\u00fade do cora\u00e7\u00e3o. N\u00f3s selecionamos frutas carregadas de fibras, tornando os nossos produtos uma escolha de lanche satisfat\u00f3ria e saud\u00e1vel.<\/p><\/div>        <\/div>\n            <\/div>\n\n\t\t\t\t\t\t<\/div>\n\t\t\t\t<\/div>\n\t\t\t\t<div class=\"elementor-element elementor-element-24ed865 eael-infobox-shape-square eael-infobox-hover-img-shape-square elementor-invisible elementor-widget elementor-widget-eael-info-box\" data-id=\"24ed865\" data-element_type=\"widget\" data-settings=\"{&quot;_animation&quot;:&quot;fadeInRight&quot;}\" data-widget_type=\"eael-info-box.default\">\n\t\t\t\t<div class=\"elementor-widget-container\">\n\t\t\t\t\t        <div class=\"eael-infobox icon-on-right\">\n\t            <div class=\"infobox-icon\">\n\n                            <img decoding=\"async\" src=\"https:\/\/fazenda27.com\/wp-content\/uploads\/2024\/05\/energy.png\" alt=\"\">\n            \n            \n            \n        <\/div>\n            <div class=\"infobox-content\">\n                    <div class=\"infobox-title-section\">\n                <h2 class=\"title\">Fornece Impulso de Energia Natural<\/h2>            <\/div>\n            <div><p>As frutas s\u00e3o uma fonte natural de a\u00e7\u00facar, que o seu corpo pode usar para energia r\u00e1pida. Os nossos produtos s\u00e3o feitos a base de frutas para garantir a sua fonte de energia di\u00e1ria.<\/p><\/div>        <\/div>\n            <\/div>\n\n\t\t\t\t\t\t<\/div>\n\t\t\t\t<\/div>\n\t\t\t\t<div class=\"elementor-element elementor-element-65ee2a1 eael-infobox-shape-square eael-infobox-hover-img-shape-square elementor-invisible elementor-widget elementor-widget-eael-info-box\" data-id=\"65ee2a1\" data-element_type=\"widget\" data-settings=\"{&quot;_animation&quot;:&quot;fadeInRight&quot;}\" data-widget_type=\"eael-info-box.default\">\n\t\t\t\t<div class=\"elementor-widget-container\">\n\t\t\t\t\t        <div class=\"eael-infobox icon-on-right\">\n\t            <div class=\"infobox-icon\">\n\n                            <img decoding=\"async\" src=\"https:\/\/fazenda27.com\/wp-content\/uploads\/2024\/05\/calcium.png\" alt=\"\">\n            \n            \n            \n        <\/div>\n            <div class=\"infobox-content\">\n                    <div class=\"infobox-title-section\">\n                <h2 class=\"title\">Excelente Fonte de C\u00e1lcio<\/h2>            <\/div>\n            <div><p>Os nossos produtos s\u00e3o uma excelente fonte de c\u00e1lcio, essencial para os ossos e dentes saud\u00e1veis.<\/p><\/div>        <\/div>\n            <\/div>\n\n\t\t\t\t\t\t<\/div>\n\t\t\t\t<\/div>\n\t\t\t\t\t<\/div>\n\t\t<\/div>\n\t\t\t\t\t<\/div>\n\t\t<\/section>\n\t\t\t\t<section class=\"elementor-section elementor-top-section elementor-element elementor-element-b9db159 elementor-section-stretched elementor-section-full_width elementor-section-height-default elementor-section-height-default\" data-id=\"b9db159\" data-element_type=\"section\" data-settings=\"{&quot;stretch_section&quot;:&quot;section-stretched&quot;,&quot;background_background&quot;:&quot;classic&quot;}\">\n\t\t\t\t\t\t<div class=\"elementor-container elementor-column-gap-no\">\n\t\t\t\t\t<div class=\"elementor-column elementor-col-100 elementor-top-column elementor-element elementor-element-981a270\" data-id=\"981a270\" data-element_type=\"column\">\n\t\t\t<div class=\"elementor-widget-wrap elementor-element-populated\">\n\t\t\t\t\t\t<section class=\"elementor-section elementor-inner-section elementor-element elementor-element-8f0b735 elementor-section-boxed elementor-section-height-default elementor-section-height-default\" data-id=\"8f0b735\" data-element_type=\"section\">\n\t\t\t\t\t\t<div class=\"elementor-container elementor-column-gap-no\">\n\t\t\t\t\t<div class=\"elementor-column elementor-col-100 elementor-inner-column elementor-element elementor-element-e0a1abe elementor-invisible\" data-id=\"e0a1abe\" data-element_type=\"column\" data-settings=\"{&quot;animation&quot;:&quot;fadeInUp&quot;}\">\n\t\t\t<div class=\"elementor-widget-wrap elementor-element-populated\">\n\t\t\t\t\t\t<div class=\"elementor-element elementor-element-33bf6ba elementor-widget elementor-widget-heading\" data-id=\"33bf6ba\" data-element_type=\"widget\" data-widget_type=\"heading.default\">\n\t\t\t\t<div class=\"elementor-widget-container\">\n\t\t\t\t\t<h2 class=\"elementor-heading-title elementor-size-default\">As Nossas Marcas<\/h2>\t\t\t\t<\/div>\n\t\t\t\t<\/div>\n\t\t\t\t\t<\/div>\n\t\t<\/div>\n\t\t\t\t\t<\/div>\n\t\t<\/section>\n\t\t\t\t\t<\/div>\n\t\t<\/div>\n\t\t\t\t\t<\/div>\n\t\t<\/section>\n\t\t<div class=\"elementor-element elementor-element-8c51b6b e-flex e-con-boxed e-con e-parent\" data-id=\"8c51b6b\" data-element_type=\"container\">\n\t\t\t\t\t<div class=\"e-con-inner\">\n\t\t\t\t<div class=\"elementor-element elementor-element-7e641f6 elementor-widget elementor-widget-image\" data-id=\"7e641f6\" data-element_type=\"widget\" data-widget_type=\"image.default\">\n\t\t\t\t<div class=\"elementor-widget-container\">\n\t\t\t\t\t\t\t\t\t\t\t\t\t\t\t<img loading=\"lazy\" decoding=\"async\" width=\"649\" height=\"365\" src=\"https:\/\/fazenda27.com\/wp-content\/uploads\/2024\/05\/Kissumo.png\" class=\"attachment-large size-large wp-image-750\" alt=\"\" srcset=\"https:\/\/fazenda27.com\/wp-content\/uploads\/2024\/05\/Kissumo.png 649w, https:\/\/fazenda27.com\/wp-content\/uploads\/2024\/05\/Kissumo-300x169.png 300w, https:\/\/fazenda27.com\/wp-content\/uploads\/2024\/05\/Kissumo-600x337.png 600w\" sizes=\"(max-width: 649px) 100vw, 649px\" \/>\t\t\t\t\t\t\t\t\t\t\t\t\t\t\t<\/div>\n\t\t\t\t<\/div>\n\t\t\t\t<div class=\"elementor-element elementor-element-4872b89 elementor-widget elementor-widget-text-editor\" data-id=\"4872b89\" data-element_type=\"widget\" data-widget_type=\"text-editor.default\">\n\t\t\t\t<div class=\"elementor-widget-container\">\n\t\t\t\t\t\t\t\t\t<p>Produzimos marcas que s\u00e3o muito amadas por facilitar a vida das pessoas. Do Konduto ao Kissumo, as nossas marcas podem ser encontradas em todos lugares: em arm\u00e1rios de cozinha, frigor\u00edficos ou nas mochilas dos nossos pequenos. Saiba mais sobre o que torna cada marca \u00fanica.<\/p>\t\t\t\t\t\t\t\t<\/div>\n\t\t\t\t<\/div>\n\t\t\t\t<div class=\"elementor-element elementor-element-b3ec3be elementor-widget elementor-widget-eael-creative-button\" data-id=\"b3ec3be\" data-element_type=\"widget\" data-widget_type=\"eael-creative-button.default\">\n\t\t\t\t<div class=\"elementor-widget-container\">\n\t\t\t\t\t        <div class=\"eael-creative-button-wrapper\">\n\n            <a class=\"eael-creative-button eael-creative-button--rayen\" href=\"https:\/\/fazenda27.com\/?page_id=567\" data-text=\"Explore as nossas marcas\">\n\n\t    \n                <div class=\"creative-button-inner\">\n\n                    \n                    <span class=\"cretive-button-text\">Explore as nossas marcas<\/span>\n\n                                    <\/div>\n\t                        <\/a>\n        <\/div>\n        \t\t\t\t<\/div>\n\t\t\t\t<\/div>\n\t\t\t\t\t<\/div>\n\t\t\t\t<\/div>\n\t\t\t\t<\/div>\n\t\t","protected":false},"excerpt":{"rendered":"<p>https:\/\/www.dropbox.com\/scl\/fi\/d6ja268y9ka2ntnqexkkh\/Fazenda27.mp4?rlkey=v6zjzi3fvz5xjje4cirfe8moj&#038;st=slbyodo4&#038;dl=0 SOBRE N\u00d3S Como Come\u00e7amos a Nossa Jornada Na Fazenda 27, somos apaixonados por levar \u00e0 voc\u00eas alimentos e bebidas de qualidade. N\u00f3s adquirimos os nossos ingredientes de agricultores locais de confian\u00e7a para ajud\u00e1-los economicamente e trabalhamos juntos para garantir que os nossos produtos sejam frescos, sustent\u00e1veis e deliciosos. A nossa hist\u00f3ria come\u00e7ou, quando o [&hellip;]<\/p>\n","protected":false},"author":1,"featured_media":0,"parent":0,"menu_order":0,"comment_status":"closed","ping_status":"closed","template":"elementor_header_footer","meta":{"_eb_attr":"","footnotes":""},"class_list":["post-222","page","type-page","status-publish","hentry"],"_links":{"self":[{"href":"https:\/\/fazenda27.com\/index.php?rest_route=\/wp\/v2\/pages\/222","targetHints":{"allow":["GET"]}}],"collection":[{"href":"https:\/\/fazenda27.com\/index.php?rest_route=\/wp\/v2\/pages"}],"about":[{"href":"https:\/\/fazenda27.com\/index.php?rest_route=\/wp\/v2\/types\/page"}],"author":[{"embeddable":true,"href":"https:\/\/fazenda27.com\/index.php?rest_route=\/wp\/v2\/users\/1"}],"replies":[{"embeddable":true,"href":"https:\/\/fazenda27.com\/index.php?rest_route=%2Fwp%2Fv2%2Fcomments&post=222"}],"version-history":[{"count":113,"href":"https:\/\/fazenda27.com\/index.php?rest_route=\/wp\/v2\/pages\/222\/revisions"}],"predecessor-version":[{"id":806,"href":"https:\/\/fazenda27.com\/index.php?rest_route=\/wp\/v2\/pages\/222\/revisions\/806"}],"wp:attachment":[{"href":"https:\/\/fazenda27.com\/index.php?rest_route=%2Fwp%2Fv2%2Fmedia&parent=222"}],"curies":[{"name":"wp","href":"https:\/\/api.w.org\/{rel}","templated":true}]}}